 first derivative of 22*m**4 - 2*m**3/3 - m**2 + 2*m - 27. What are the prime factors of h(1)?
2, 43
Let b be (-1 - -4) + (3518 + -8)/(-9). Let k = -40 - b. What are the prime factors of k?
347
List the prime factors of 5 + ((-5)/(-3))/(2/1362).
2, 3, 5, 19
Let t(r) = r. Let s(c) be the third derivative of 11*c**4/24 - c**3/6 - 4*c**2. Let j(a) = -s(a) + 5*t(a). List the prime factors of j(-9).
5, 11
Suppose -75*p = -74*p - 1997. List the prime factors of p.
1997
Suppose n + 73 = 189. Suppose -1072 = 3*j + n. List the prime factors of (j/(-77))/(2/14).
2, 3
Let w = -9 + 5. Let y(l) = -l - 12. Let p be y(w). What are the prime factors of p/16*(-32)/2?
2
Let d(o) = 2*o + 111. Let x(r) = -56 + 6*r - 3*r - 4*r. Let b(n) = 4*d(n) + 7*x(n). What are the prime factors of b(0)?
2, 13
Let c(s) = 6*s + 37*s**3 + 2 - 75*s**3 + 39*s**3 - 6*s**2. List the prime factors of c(6).
2, 19
Let r be ((-6)/(-4))/((-4)/(-16)). Let c(a) = -79*a + a**2 + 79*a + 3 + 0*a**2. List the prime factors of c(r).
3, 13
Suppose 7*t - 6*t = 5*y + 2644, -10576 = -4*t + 2*y. List the prime factors of t.
2, 661
Let y(t) = -170*t + 331*t - 189*t. List the prime factors of y(-5).
2, 5, 7
List the prime factors of (-5)/(0 - -1) - (-206)/2.
2, 7
List the prime factors of ((-4)/14)/(79/(-476686)).
2, 431
What are the prime factors of (2048/24)/(6/9) - -4?
2, 3, 11
Let f(w) = 3*w**2 + 9*w + 27. Let o be f(-6). Let c = o - 42. List the prime factors of c.
3, 13
Suppose -3616 = -4*j - 2*u + 10924, 3*u = -6. List the prime factors of j.
2, 3, 101
Let z = 553 + -551. What are the prime factors of z?
2
Let s = 47 - -4. Let u = -29 + s. Suppose -u - 2 = -l. What are the prime factors of l?
2, 3
Let f = 54 + -76. Let d = f - -48. Let z = d - 19. List the prime factors of z.
7
Let n be -17 + 3/(2/(-2)). Let a = 10 + n. List the prime factors of (-4 + (-44)/a)*145.
2, 29
Suppose -28 = -4*x + 4*s - 8, -3*s = x + 15. Let j(c) = -c**3 - c + 43. List the prime factors of j(x).
43
List the prime factors of ((-12)/(-18))/((-5)/(-9195)).
2, 613
List the prime factors of (-210)/55 + 4 + (-215360)/(-110).
2, 11, 89
Let h be 82/(1 - -1 - 0). Let v be -1 + 3 + (h - 1). Suppose -v - 78 = -5*o. What are the prime factors of o?
2, 3
Let f(o) = 2*o**2 + 26*o + 25. What are the prime factors of f(-17)?
7, 23
Suppose 10623 + 9521 = 8*d. List the prime factors of d.
2, 1259
Let c(k) be the second derivative of k**4/12 + 29*k**3/6 + 25*k**2/2 - 30*k. What are the prime factors of c(-30)?
5, 11
Suppose x + 2*v + 6 = 0, 5*x - 4*v + v = -17. Let z(n) = -5*n + 3. Let k(a) = -3*a + 2. Let q(b) = 5*k(b) - 2*z(b). What are the prime factors of q(x)?
2, 3
List the prime factors of -1 - -321 - (-6)/6*1.
3, 107
Let y be 14 + -17 - -7*1. Suppose -y*m + 9 = -507. What are the prime factors of m?
3, 43
Suppose 0*d = d + 2*d. Suppose -5*a - 2*z + 243 = -97, -3*z = d. What are the prime factors of a?
2, 17
Suppose 14*g - 6*g - 24 = 0. Suppose 3*o - 576 = -g*o. List the prime factors of o.
2, 3
Suppose -2*b + 24 = b. Suppose 4*j + b = 4*v + 156, -2*j + v = -79. What are the prime factors of j?
2, 3, 7
Let j be 76/(-6)*24/(-16). Suppose -4*l + 62 = 2*r, r - 4*l - 56 = -j. Suppose -r - 17 = -2*k. List the prime factors of k.
5
Suppose 2*n - 19 = 63. Let v = 157 - n. What are the prime factors of v?
2, 29
Let k(f) = -f**3 - 4*f**2 + 3*f - 6. Let d be k(-5). Let o(q) = 2*q**3 + 6*q + d*q**3 - 5*q**3 - 9 - 7*q**2. List the prime factors of o(7).
3, 11
Let j(c) = 2*c - 4. Let z be (8/3)/((-8)/(-12)). Let l be j(z). What are the prime factors of ((-30)/4)/((-1)/l)?
2, 3, 5
Let l(g) = g + 7. Let r(u) = -u**2 + u - 2. Let y be r(2). Let o be l(y). Suppose -o*a + 11 = -t + a, -5*a + 25 = t. List the prime factors of t.
5
Suppose 5*u - 2625 = -1065. Suppose 4*a + 4*c - u = 0, -4*a - 2*c + 336 = -6*c. Suppose 5*g - a = 49. List the prime factors of g.
2, 13
Let o(h) = -83*h + 440. What are the prime factors of o(-9)?
1187
Let c be (-4)/2*77/(-14). What are the prime factors of c/(2 - 1) + 4?
3, 5
Let w(x) = -1629*x**3 - 3*x**2 + 5*x + 7. List the prime factors of w(-1).
2, 11, 37
Let b = -160 - -6. Let r = b + 216. List the prime factors of r.
2, 31
Suppose -18 = -o + 33. Let d = o + -48. What are the prime factors of d?
3
Let f = 94 - 2. Suppose -3*k - 5*c = -61 - 14, 0 = 4*k + 4*c - f. What are the prime factors of k?
2, 5
List the prime factors of -1 - (-1)/2*6294.
2, 11, 13
Suppose 2*d - 1 + 21 = 0. Let a = d - -12. Suppose -17 + a = -x. List the prime factors of x.
3, 5
Let w = 2641 - 1100. What are the prime factors of w?
23, 67
Let t(h) = 4*h**3 + 3*h**2 + 2*h + 3. Let d be t(3). Suppose -61 = -5*a + d. List the prime factors of a.
41
Suppose 2*w - 3*k - 1780 = -2*w, -12 = -3*k. List the prime factors of w.
2, 7
Let i(y) = 6*y**2 + 11*y - 22. List the prime factors of i(5).
3, 61
Suppose 4*c - 10 = 6, -2*d - 4*c - 28 = 0. Let f be 2 + -3 + (-35 - 1). Let a = d - f. What are the prime factors of a?
3, 5
Let c = 44 + -72. Let d be (-3 + 95)*1/(-2). Let y = c - d. List the prime factors of y.
2, 3
Let y be -1 - -30 - 3 - 2. Let a = -10 + y. List the prime factors of 114/14 + (-2)/a.
2
Let h(a) = -a**3 - 4*a**2 + 12*a + 4. What are the prime factors of h(-6)?
2
Let a(d) = 414*d - 32. List the prime factors of a(1).
2, 191
Suppose 4*f - 14 - 6 = 0. Suppose -f*s + 6*v + 255 = v, 4*v = -s + 26. Suppose 41 + s = 3*z - 5*k, -3*z + 105 = k. List the prime factors of z.
2, 17
List the prime factors of (-9224)/(-12)*3/(-4)*-2.
1153
Let a be (-1 - 6/(-15))*-5. List the prime factors of 0 + a + 89 + (1 - 3).
2, 3, 5
Suppose 0 = -b + 190 - 64. Suppose 2*k = 2*z + 182, -379 - b = -5*k - 5*z. What are the prime factors of k?
2, 3
Let j(x) = x**3 + 5*x**2 - 7*x - 3. Let o be j(-6). Let f be -1 - (-3 - -3 - o). Suppose -f*m - 36 = -6*m. List the prime factors of m.
3
Let m(r) = -r**2 - 11*r + 8. Let i be m(-12). Let v(u) = u**2 - 3*u + 5. List the prime factors of v(i).
3, 11
Let o = -724 - -1188. List the prime factors of o.
2, 29
List the prime factors of 1471/(2 - (-8 - -9)).
1471
Let k = 16 - 14. Let l = 2 - k. Suppose l = 2*f - 9 - 41. What are the prime factors of f?
5
Let w(k) = -k**3 - 2*k**2 + 1. Let l be w(-1). Let t be -3 + l + 0 + 6. List the prime factors of 4/t*(0 - -6).
2
Let t be (-3 - -4) + -3 + 14. What are the prime factors of -3 - 40/t*-24?
7, 11
What are the prime factors of (-1 - (-137)/2)*(-3048)/(-635)?
2, 3
Let w = -1 - -7. Suppose -16 + w = 5*i. What are the prime factors of 26*(i + 7/2)?
3, 13
Suppose 7770 = 2*w - x, 2*x = w + 1160 - 5051. List the prime factors of w.
11, 353
What are the prime factors of 10457/17 - (-10)/(-85)?
3, 5, 41
Let k = -21 - -11. Let i = 12 + k. Suppose 0 = -5*y + 3*z + 83, i*y - 15 = 4*z + 7. List the prime factors of y.
19
Suppose -21*s + 35570 = 7535. List the prime factors of s.
3, 5, 89
Suppose 0 = 3*f - 123 - 324. Let j = f + 33. List the prime factors of j.
2, 7, 13
Suppose 2 = 2*z - 0*z. Let l(i) = 17*i**3 - i. Let c be l(z). Suppose -20 = -3*d + c. What are the prime factors of d?
2, 3
Let f(z) = 7 - 6*z - z + 2*z - 14*z**2 + 15*z**2. What are the prime factors of f(-5)?
3, 19
Let p = -32 - -34. Suppose p*m - 4*w = 126, 6*m - 221 = 3*m - 2*w. List the prime factors of m.
71
Suppose 3*m - 417 = 462. What are the prime factors of m?
293
Let g = -11 + 0. Let a be g/(-3) - (-26)/(-39). Suppose -a*q - 144 = -3*s, 9 = s + 5*q - 15. What are the prime factors of s?
2, 11
Let b be (0 + (-1)/2)/((-8)/32). Suppose s + 120 = j, -224 - 252 = -4*j + b*s. What are the prime factors of j?
2, 59
Suppose 3006 = 5*x + 3*q - 1169, -5*x - 2*q = -4170. What are the prime factors of x?
2, 13
Let d = -294 - -108. Let v be 2/(-7) + d/(-14). Suppose 2*h = -v + 23. What are the prime factors of h?
5
Let w(q) = -2*q**3 - 38*q**2 + 30*q + 34. What are the prime factors of w(-21)?
2, 73
Let w(d) be the third derivative of 7*d**5/40 - 5*d**4/24 - 5*d**3/6 + 4*d**2. Let b(f) be the first derivative of w(f). What are the prime factors of b(2)?
37
Let l(s) = -s**3 - 23*s**2 + 24*s - 15. Let h be l(-24). What are the prime factors of (4924/20 - -1) + 3/h?
13, 19
Let k = -20 - -23. Suppose 8 - 128 = -k*c. Let u = 66 - c. What are the prime factors of u?
2, 13
Let u be (-426)/14 + (-8)/14. Let m = u - -50. What are the pr